{"id":3,"date":"2023-01-10T18:20:16","date_gmt":"2023-01-10T17:20:16","guid":{"rendered":"http:\/\/ucp94.com\/?page_id=3"},"modified":"2025-04-07T10:58:16","modified_gmt":"2025-04-07T08:58:16","slug":"politique-de-confidentialite","status":"publish","type":"page","link":"https:\/\/ucp94.com\/index.php\/politique-de-confidentialite\/","title":{"rendered":"Mentions L\u00e9gales"},"content":{"rendered":"\n<p><\/p>\n\n\n\n<hr class=\"wp-block-separator has-alpha-channel-opacity\"\/>\n\n\n\n<h2 class=\"wp-block-heading has-text-align-center\">1. \u00c9diteur du site<\/h2>\n\n\n\n<div class=\"wp-block-group is-vertical is-layout-flex wp-container-core-group-is-layout-8cf370e7 wp-block-group-is-layout-flex\">\n<h4 class=\"wp-block-heading\">Informations G\u00e9n\u00e9rales<\/h4>\n\n\n\n<div class=\"wp-block-group\"><div class=\"wp-block-group__inner-container is-layout-constrained wp-block-group-is-layout-constrained\">\n<p><strong>Nom de l&rsquo;association :<\/strong> Unit\u00e9 Citoyenne de Pr\u00e9vention (U.C.P)<br><strong>Statut :<\/strong> Association loi 1901 \u00e0 but non lucratif<\/p>\n\n\n\n<p><strong>Num\u00e9ro RNA :<\/strong> W941018507<br><strong>SIRET :<\/strong> 921 448 148 00012<\/p>\n<\/div><\/div>\n\n\n\n<p><\/p>\n\n\n\n<h4 class=\"wp-block-heading has-text-align-center\">Informations de Contact<\/h4>\n\n\n\n<p><br><strong>Adresse postale (si\u00e8ge social) :<\/strong><br>Mairie de Santeny<br>Place du G\u00e9n\u00e9ral de Gaulle<br>94440 Santeny \u2013 France<br><strong>Email de contact :<\/strong> <a href=\"mailto:secretariat@ucp94.com\">secretariat@ucp94.com<\/a><br><strong>T\u00e9l\u00e9phone :<\/strong> 07 64 49 05 48<\/p>\n<\/div>\n\n\n\n<p><strong>Directeur de la publication :<\/strong> Alexandre Wolanski, Pr\u00e9sident de l\u2019association.<\/p>\n\n\n\n<hr class=\"wp-block-separator has-alpha-channel-opacity\"\/>\n\n\n\n<h2 class=\"wp-block-heading has-text-align-center\">2. H\u00e9bergement<\/h2>\n\n\n\n<p class=\"has-text-align-center\">Le site <a href=\"http:\/\/www.ucp94.com\/\">www.ucp94.com<\/a> est h\u00e9berg\u00e9 par : <\/p>\n\n\n\n<p class=\"has-text-align-center\">OVH<\/p>\n\n\n\n<p class=\"has-text-align-center\">Si\u00e8ge social : 2 rue Kellermann &#8211; 59100 Roubaix &#8211; France<\/p>\n\n\n\n<hr class=\"wp-block-separator has-alpha-channel-opacity\"\/>\n\n\n\n<h2 class=\"wp-block-heading has-text-align-center\">3. Propri\u00e9t\u00e9 intellectuelle<\/h2>\n\n\n\n<p class=\"has-text-align-center\">L\u2019ensemble des contenus pr\u00e9sents sur le site <a href=\"http:\/\/www.ucp94.com\/\">www.ucp94.com<\/a> (textes, images, graphismes, logos, documents, etc.) est la propri\u00e9t\u00e9 exclusive de l\u2019association Unit\u00e9 Citoyenne de Pr\u00e9vention, sauf mention contraire explicite.<\/p>\n\n\n\n<p class=\"has-text-align-center\">Toute reproduction, repr\u00e9sentation, adaptation ou modification, totale ou partielle, sans autorisation pr\u00e9alable \u00e9crite est interdite.<\/p>\n\n\n\n<hr class=\"wp-block-separator has-alpha-channel-opacity\"\/>\n\n\n\n<h2 class=\"wp-block-heading\">4. Donn\u00e9es personnelles &amp; respect de la vie priv\u00e9e<\/h2>\n\n\n\n<p>L&rsquo;association U.C.P s\u2019engage \u00e0 respecter la vie priv\u00e9e des utilisateurs du site et des outils sous-mentionn\u00e9s. Les donn\u00e9es personnelles recueillies peuvent concerner :<\/p>\n\n\n\n<ul class=\"wp-block-list\">\n<li>Nom, pr\u00e9nom<\/li>\n\n\n\n<li>Adresse email<\/li>\n\n\n\n<li>Num\u00e9ro de t\u00e9l\u00e9phone<\/li>\n\n\n\n<li>Adresse postale (en cas d\u2019adh\u00e9sion)<\/li>\n\n\n\n<li>Historique de participation aux \u00e9v\u00e9nements<\/li>\n<\/ul>\n\n\n\n<h3 class=\"wp-block-heading\">Finalit\u00e9s :<\/h3>\n\n\n\n<ul class=\"wp-block-list\">\n<li>R\u00e9ponse aux demandes de contact<\/li>\n\n\n\n<li>Gestion des adh\u00e9sions et inscriptions<\/li>\n\n\n\n<li>Envoi d\u2019informations sur les activit\u00e9s de l\u2019association<\/li>\n<\/ul>\n\n\n\n<h3 class=\"wp-block-heading\">Vos droits :<\/h3>\n\n\n\n<p>Conform\u00e9ment au RGPD, vous disposez des droits d\u2019acc\u00e8s, rectification, suppression, opposition, et portabilit\u00e9 de vos donn\u00e9es.<\/p>\n\n\n\n<p>Pour cela vous pouvez envoy\u00e9 un courrier ou un mail \u00e0 l&rsquo;aide des informations susmentionn\u00e9 dans le 1.<\/p>\n\n\n\n<p><\/p>\n\n\n\n<hr class=\"wp-block-separator has-alpha-channel-opacity\"\/>\n\n\n\n<h2 class=\"wp-block-heading\">5. Utilisation de plateformes tierces<\/h2>\n\n\n\n<h3 class=\"wp-block-heading\">\ud83d\udd39 HelloAsso<\/h3>\n\n\n\n<p>L\u2019association utilise la plateforme <a href=\"https:\/\/www.helloasso.com\/\"><strong>HelloAsso<\/strong><\/a> pour g\u00e9rer :<\/p>\n\n\n\n<ul class=\"wp-block-list\">\n<li>Les adh\u00e9sions en ligne<\/li>\n\n\n\n<li>Les paiements des inscriptions<\/li>\n\n\n\n<li>Les dons \u00e9ventuels<\/li>\n<\/ul>\n\n\n\n<p>Les donn\u00e9es bancaires sont directement trait\u00e9es par HelloAsso de mani\u00e8re s\u00e9curis\u00e9e. Aucune information de paiement ne transite par le site <a href=\"http:\/\/www.ucp94.com\/\">www.ucp94.com<\/a>.<\/p>\n\n\n\n<h3 class=\"wp-block-heading\">\ud83d\udd39 Brevo (ex-Sendinblue)<\/h3>\n\n\n\n<p>L\u2019association utilise \u00e9galement <strong>Brevo<\/strong> (ex-Sendinblue), un service d\u2019envoi d\u2019e-mails conforme au RGPD, pour l\u2019envoi de newsletters, d\u2019invitations ou d\u2019informations relatives aux \u00e9v\u00e9nements.<\/p>\n\n\n\n<p>Les adresses email collect\u00e9es sont utilis\u00e9es uniquement dans ce cadre, et un lien de d\u00e9sinscription est pr\u00e9sent dans chaque communication.<\/p>\n\n\n\n<hr class=\"wp-block-separator has-alpha-channel-opacity\"\/>\n\n\n\n<h2 class=\"wp-block-heading has-text-align-center has-accent-color has-text-color has-link-color wp-elements-551a24ce0739aa9c23f8baaff0d59751\">6. Cookies<\/h2>\n\n\n\n<p class=\"has-text-align-center\">Le site <a href=\"http:\/\/www.ucp94.com\/\">www.ucp94.com<\/a> utilise des cookies afin de :<\/p>\n\n\n\n<ul class=\"wp-block-list\">\n<li>Am\u00e9liorer l\u2019exp\u00e9rience utilisateur<\/li>\n\n\n\n<li>Analyser la fr\u00e9quentation du site<\/li>\n<\/ul>\n\n\n\n<p class=\"has-text-align-center\">Vous pouvez g\u00e9rer vos pr\u00e9f\u00e9rences depuis le bandeau d\u2019acceptation ou via les param\u00e8tres de votre navigateur.<\/p>\n\n\n\n<hr class=\"wp-block-separator has-alpha-channel-opacity\"\/>\n\n\n\n<h2 class=\"wp-block-heading has-text-align-center\">7. Responsabilit\u00e9<\/h2>\n\n\n\n<p class=\"has-text-align-center\">L\u2019association met tout en \u0153uvre pour garantir l\u2019exactitude des informations publi\u00e9es sur le site. Toutefois, elle ne saurait \u00eatre tenue responsable :<\/p>\n\n\n\n<ul class=\"wp-block-list\">\n<li>D\u2019erreurs ou omissions involontaires<\/li>\n\n\n\n<li>De probl\u00e8mes techniques emp\u00eachant l\u2019acc\u00e8s au site<\/li>\n\n\n\n<li>Des contenus pr\u00e9sents sur des sites tiers li\u00e9s par hyperliens<\/li>\n<\/ul>\n\n\n\n<hr class=\"wp-block-separator has-alpha-channel-opacity\"\/>\n\n\n\n<h2 class=\"wp-block-heading has-text-align-center\">8. Modification<\/h2>\n\n\n\n<p class=\"has-text-align-center\">Les pr\u00e9sentes mentions l\u00e9gales peuvent \u00eatre mises \u00e0 jour \u00e0 tout moment, sans pr\u00e9avis. Il est conseill\u00e9 de les consulter r\u00e9guli\u00e8rement.<\/p>\n\n\n\n<hr class=\"wp-block-separator has-alpha-channel-opacity\"\/>\n\n\n\n<p><\/p>\n","protected":false},"excerpt":{"rendered":"<p>1. \u00c9diteur du site Informations G\u00e9n\u00e9rales Nom de l&rsquo;association : Unit\u00e9 Citoyenne de Pr\u00e9vention (U.C.P)Statut : Association loi 1901 \u00e0 but non lucratif Num\u00e9ro RNA : W941018507SIRET : 921 448 148 00012 Informations de Contact Adresse postale (si\u00e8ge social) :Mairie de SantenyPlace du G\u00e9n\u00e9ral de Gaulle94440 Santeny \u2013 FranceEmail de contact : secretariat@ucp94.comT\u00e9l\u00e9phone : 07 [&hellip;]<\/p>\n","protected":false},"author":1,"featured_media":0,"parent":0,"menu_order":0,"comment_status":"closed","ping_status":"open","template":"","meta":{"footnotes":""},"class_list":["post-3","page","type-page","status-publish","hentry"],"_links":{"self":[{"href":"https:\/\/ucp94.com\/index.php\/wp-json\/wp\/v2\/pages\/3","targetHints":{"allow":["GET"]}}],"collection":[{"href":"https:\/\/ucp94.com\/index.php\/wp-json\/wp\/v2\/pages"}],"about":[{"href":"https:\/\/ucp94.com\/index.php\/wp-json\/wp\/v2\/types\/page"}],"author":[{"embeddable":true,"href":"https:\/\/ucp94.com\/index.php\/wp-json\/wp\/v2\/users\/1"}],"replies":[{"embeddable":true,"href":"https:\/\/ucp94.com\/index.php\/wp-json\/wp\/v2\/comments?post=3"}],"version-history":[{"count":3,"href":"https:\/\/ucp94.com\/index.php\/wp-json\/wp\/v2\/pages\/3\/revisions"}],"predecessor-version":[{"id":191,"href":"https:\/\/ucp94.com\/index.php\/wp-json\/wp\/v2\/pages\/3\/revisions\/191"}],"wp:attachment":[{"href":"https:\/\/ucp94.com\/index.php\/wp-json\/wp\/v2\/media?parent=3"}],"curies":[{"name":"wp","href":"https:\/\/api.w.org\/{rel}","templated":true}]}}